tor of 242 and 12?
2
Calculate the greatest common divisor of 875 and 56.
7
Calculate the highest common factor of 2794 and 11.
11
Calculate the greatest common divisor of 40 and 1080.
40
What is the greatest common factor of 18 and 414?
18
What is the highest common divisor of 103 and 2?
1
Calculate the highest common divisor of 17541 and 36.
9
Calculate the highest common factor of 3132 and 216.
108
Calculate the highest common divisor of 45 and 325.
5
Calculate the greatest common divisor of 45 and 186.
3
Calculate the highest common divisor of 9 and 198.
9
Calculate the greatest common divisor of 261 and 3.
3
Calculate the highest common factor of 39 and 1417.
13
Calculate the greatest common divisor of 12 and 36.
12
Calculate the greatest common divisor of 4 and 324.
4
Calculate the greatest common divisor of 50 and 2490.
10
What is the greatest common divisor of 98 and 6?
2
Calculate the greatest common divisor of 26610 and 90.
30
Calculate the highest common divisor of 108 and 126.
18
Calculate the highest common factor of 8 and 28.
4
Calculate the greatest common divisor of 1850 and 40.
10
Calculate the highest common factor of 63 and 2604.
21
Calculate the highest common divisor of 95 and 38.
19
What is the highest common factor of 31 and 124?
31
What is the greatest common factor of 2 and 1042?
2
What is the greatest common factor of 12524 and 62?
62
What is the greatest common factor of 2322 and 36?
18
What is the greatest common factor of 705 and 7520?
235
What is the greatest common divisor of 123574 and 274?
274
What is the greatest common factor of 801 and 657?
9
What is the highest common factor of 5330 and 390?
130
What is the greatest common divisor of 272 and 1496?
136
Calculate the greatest common divisor of 228 and 1482.
114
Calculate the greatest common divisor of 29358 and 9.
9
Calculate the highest common divisor of 99 and 396.
99
What is the greatest common factor of 104 and 130?
26
Calculate the greatest common factor of 18 and 1458.
18
What is the highest common factor of 6 and 10548?
6
What is the greatest common factor of 836 and 176?
44
Calculate the greatest common factor of 115 and 184.
23
What is the greatest common factor of 36 and 21366?
18
Calculate the highest common divisor of 60 and 29370.
30
Calculate the highest common divisor of 4284 and 17.
17
Calculate the highest common factor of 104 and 1469.
13
Calculate the highest common divisor of 30 and 10.
10
Calculate the greatest common factor of 18 and 14.
2
Calculate the greatest common factor of 15 and 204.
3
Calculate the greatest common divisor of 90 and 18.
18
What is the highest common divisor of 12144 and 16?
16
What is the greatest common divisor of 6870 and 60?
30
Calculate the highest common divisor of 275 and 400.
25
Calculate the highest common factor of 352 and 22.
22
What is the highest common factor of 1 and 839?
1
What is the highest common factor of 582 and 21?
3
What is the highest common divisor of 76 and 4484?
76
Calculate the highest common factor of 10183 and 68.
17
Calculate the greatest common factor of 84 and 924.
84
What is the highest common divisor of 4619 and 155?
31
Calculate the greatest common factor of 166 and 2075.
83
Calculate the highest common factor of 475 and 190.
95
What is the greatest common divisor of 34 and 136?
34
Calculate the highest common factor of 26 and 702.
26
What is the greatest common divisor of 44 and 99?
11
Calculate the highest common factor of 135 and 10.
5
What is the greatest common factor of 7969 and 13?
13
What is the greatest common factor of 889 and 21?
7
Calculate the greatest common factor of 9 and 729.
9
What is the highest common divisor of 649 and 59?
59
Calculate the greatest common divisor of 610 and 10.
10
What is the greatest common factor of 120 and 264?
24
Calculate the greatest common factor of 435 and 180.
15
What is the greatest common factor of 110 and 88?
22
Calculate the highest common divisor of 168 and 714.
42
What is the highest common divisor of 4459 and 728?
91
What is the highest common factor of 9 and 135?
9
Calculate the highest common divisor of 312 and 1794.
78
Calculate the greatest common factor of 48 and 7824.
48
What is the greatest common divisor of 8 and 808?
8
Calculate the highest common factor of 42 and 350.
14
Calculate the highest common factor of 1944 and 24.
24
Calculate the greatest common factor of 525 and 42.
21
Calculate the highest common factor of 16 and 8.
8
Calculate the greatest common factor of 36 and 9468.
36
What is the highest common factor of 84 and 63?
21
What is the greatest common factor of 28 and 26446?
14
What is the highest common factor of 720 and 996?
12
Calculate the highest common divisor of 76 and 475.
19
What is the greatest common divisor of 10 and 16?
2
What is the greatest common factor of 368 and 23?
23
What is the highest common divisor of 60 and 1476?
12
What is the greatest common divisor of 12 and 64?
4
Calculate the greatest common factor of 41 and 41.
41
Calculate the greatest common factor of 306 and 72.
18
What is the highest common divisor of 162 and 42?
6
Calculate the highest common factor of 36 and 2835.
9
What is the highest common factor of 198 and 264?
66
What is the greatest common factor of 18 and 150?
6
Calculate the greatest common divisor of 1024 and 96.
32
Calculate the highest common divisor of 22 and 704.
22
Calculate the highest common divisor of 120 and 16.
8
Calculate the greatest common factor of 4 and 284.
4
What is the highest common divisor of 4617 and 57?
57
What is the highest common divisor of 41 and 4223?
41
What is the highest common divisor of 1386 and 2618?
154
Calculate the greatest common divisor of 729 and 9.
9
Calculate the highest common factor of 16896 and 198.
66
What is the greatest common divisor of 864 and 18?
18
Calculate the highest common divisor of 28 and 16.
4
Calculate the highest common divisor of 1111 and 22.
11
What is the greatest common factor of 24 and 5312?
8
Calculate the highest common factor of 2304 and 612.
36
What is the greatest common divisor of 153 and 1233?
9
Calculate the highest common divisor of 216 and 14868.
36
What is the highest common divisor of 13 and 65?
13
What is the greatest common factor of 96 and 240?
48
What is the highest common factor of 182 and 280?
14
What is the greatest common factor of 12 and 1368?
12
Calculate the greatest common factor of 2340 and 36.
36
Calculate the highest common divisor of 1665 and 5661.
333
Calculate the highest common divisor of 1184 and 28.
4
What is the highest common divisor of 292 and 4?
4
Calculate the greatest common factor of 656 and 16.
16
Calculate the highest common factor of 603 and 67.
67
What is the greatest common factor of 17 and 1377?
17
Calculate the greatest common factor of 25 and 10.
5
What is the greatest common factor of 591 and 3?
3
Calculate the greatest common factor of 24 and 56.
8
What is the greatest common factor of 12 and 24?
12
What is the highest common factor of 31 and 18817?
31
Calculate the highest common factor of 72 and 8.
8
Calculate the greatest common divisor of 26 and 117.
13
What is the highest common divisor of 182 and 28?
14
Calculate the greatest common divisor of 1596 and 252.
84
What is the greatest common divisor of 106 and 583?
53
Calculate the greatest common divisor of 580 and 130.
10
Calculate the greatest common factor of 104 and 1912.
8
What is the greatest common divisor of 7689 and 33?
33
Calculate the highest common divisor of 58 and 1247.
29
What is the greatest common divisor of 117 and 273?
39
What is the highest common divisor of 17 and 68?
17
What is the greatest common divisor of 216 and 8?
8
What is the highest common divisor of 132 and 880?
44
Calculate the highest common divisor of 20 and 1620.
20
What is the greatest common divisor of 140 and 56?
28
Calculate the highest common divisor of 322 and 2737.
161
What is the highest common factor of 11 and 18667?
11
Calculate the highest common divisor of 11653 and 43.
43
Calculate the greatest common factor of 96 and 168.
24
What is the greatest common factor of 143 and 44?
11
Calculate the highest common factor of 280 and 40.
40
Calculate the greatest common divisor of 62 and 682.
62
What is t